Is 3 a factor of 481?
False
Is 23 a factor of 1473?
False
Is 6 a factor of 244?
False
Does 4 divide 392?
True
Is 641 a multiple of 14?
False
Is 13 a factor of 397?
False
Does 12 divide 1188?
True
Is 302 a factor of 27170?
False
Does 22 divide 1470?
False
Is 109 a factor of 29648?
True
Is 14 a factor of 1787?
False
Does 28 divide 53476?
False
Is 12843 a multiple of 46?
False
Is 27 a factor of 5032?
False
Does 20 divide 625?
False
Is 13995 a multiple of 15?
True
Does 11 divide 44?
True
Does 53 divide 2499?
False
Is 62 a factor of 5394?
True
Is 22 a factor of 880?
True
Does 6 divide 188?
False
Is 91299 a multiple of 23?
False
Does 15 divide 14025?
True
Does 55 divide 18535?
True
Does 55 divide 25198?
False
Is 19 a factor of 158575?
False
Is 22 a factor of 440?
True
Is 26 a factor of 10920?
True
Is 13 a factor of 806?
True
Is 49036 a multiple of 126?
False
Is 17 a factor of 25657?
False
Does 48 divide 3168?
True
Is 676 a multiple of 13?
True
Does 2 divide 56?
True
Is 19760 a multiple of 152?
True
Is 85 a factor of 111095?
True
Is 23 a factor of 184?
True
Is 665 a multiple of 26?
False
Is 600 a multiple of 6?
True
Is 9367 a multiple of 67?
False
Is 34 a factor of 13226?
True
Does 6 divide 146?
False
Is 12720 a multiple of 41?
False
Is 12 a factor of 282?
False
Does 86 divide 6343?
False
Does 27 divide 35704?
False
Is 35 a factor of 368?
False
Is 24032 a multiple of 6?
False
Is 90 a factor of 8227?
False
Does 16 divide 3012?
False
Is 380 a multiple of 10?
True
Does 11 divide 165?
True
Is 92 a factor of 4876?
True
Is 1696 a multiple of 16?
True
Is 18 a factor of 4050?
True
Is 183 a factor of 6874?
False
Is 450 a multiple of 30?
True
Is 25593 a multiple of 344?
False
Is 5 a factor of 19822?
False
Does 18 divide 378?
True
Is 710 a multiple of 9?
False
Is 37541 a multiple of 173?
True
Is 83 a factor of 1532?
False
Is 33 a factor of 9636?
True
Does 34 divide 1224?
True
Is 34 a factor of 68?
True
Is 86 a multiple of 10?
False
Does 18 divide 162?
True
Is 138 a multiple of 2?
True
Is 8 a factor of 539?
False
Is 306 a factor of 59670?
True
Is 9 a factor of 2115?
True
Is 6 a factor of 7577?
False
Is 37 a multiple of 4?
False
Is 28 a factor of 261?
False
Is 8262 a multiple of 17?
True
Is 25 a factor of 1270?
False
Does 75 divide 7906?
False
Is 228 a multiple of 12?
True
Is 854 a multiple of 7?
True
Is 9 a factor of 11155?
False
Is 8 a factor of 2056?
True
Is 117 a multiple of 13?
True
Is 8 a factor of 288?
True
Is 99 a factor of 126158?
False
Does 17 divide 41158?
False
Is 13368 a multiple of 193?
False
Does 2 divide 3699?
False
Is 83 a factor of 10438?
False
Does 16 divide 195?
False
Is 13994 a multiple of 32?
False
Is 95 a factor of 1425?
True
Is 322 a multiple of 2?
True
Is 8183 a multiple of 11?
False
Is 349 a multiple of 7?
False
Is 54 a factor of 5194?
False
Is 3478 a multiple of 94?
True
Does 116 divide 4292?
True
Is 78 even?
True
Does 5 divide 11870?
True
Is 262 a factor of 1572?
True
Is 2964 a multiple of 39?
True
Is 46 a factor of 25300?
True
Does 11 divide 1180?
False
Does 47 divide 21308?
False
Is 16 a factor of 224?
True
Is 3 a factor of 327?
True
Is 220 a factor of 11551?
False
Does 58 divide 5336?
True
Does 12 divide 2388?
True
Is 28842 a multiple of 53?
False
Does 61 divide 4514?
True
Does 22 divide 17524?
False
Is 40 a factor of 56297?
False
Is 36 a factor of 22874?
False
Does 13 divide 49959?
True
Is 58 a multiple of 29?
True
Is 75 a factor of 5422?
False
Does 69 divide 2705?
False
Is 87804 a multiple of 108?
True
Is 211 a multiple of 10?
False
Is 1685 a multiple of 68?
False
Is 272 a multiple of 3?
False
Is 130 a multiple of 26?
True
Is 40 a factor of 160?
True
Is 2 a factor of 90?
True
Is 10 a factor of 919?
False
Is 5 a factor of 200?
True
Is 10 a factor of 521?
False
Is 21 a factor of 4699?
False
Is 603 a multiple of 52?
False
Does 15 divide 57765?
True
Is 3321 a multiple of 39?
False
Is 47 a factor of 1870?
False
Does 58 divide 554?
False
Does 28 divide 3220?
True
Is 30 a factor of 2312?
False
Does 24 divide 3600?
True
Is 28 a factor of 3598?
False
Is 12 a factor of 9033?
False
Is 7 a factor of 368?
False
Is 124 a factor of 6114?
False
Is 597 a multiple of 2?
False
Is 3705 a multiple of 16?
False
Is 735 a multiple of 43?
False
Is 10 a factor of 458?
False
Does 8 divide 398?
False
Is 1239 a multiple of 19?
False
Is 7434 a multiple of 21?
True
Is 22 a factor of 19382?
True
Is 69 a multiple of 13?
False
Is 111 a factor of 43623?
True
Is 6408 a multiple of 10?
False
Is 3 a factor of 1174?
False
Is 21 a factor of 1562?
False
Is 17934 a multiple of 42?
True
Is 6 a factor of 1050?
True
Is 2453 a multiple of 30?
False
Is 21398 a multiple of 26?
True
Does 15 divide 3435?
True
Does 3 divide 6?
True
Is 3022 a multiple of 52?
False
Is 12 a factor of 2609?
False
Is 16 a factor of 3360?
True
Is 32 a factor of 1120?
True
Is 2 a factor of 195?
False
Is 7 a factor of 159?
False
Does 13 divide 1365?
True
Is 2618 a multiple of 11?
True
Does 33 divide 396?
True
Is 54 a factor of 57510?
True
Is 19 a factor of 1919?
True
Does 15 divide 150?
True
Does 6 divide 486?
True
Is 17 a factor of 28314?
False
Is 959 a multiple of 16?
False
Is 29 a factor of 1540?
False
Is 7084 a multiple of 11?
True
Is 10 a factor of 733?
False
Is 25520 a multiple of 20?
True
Is 6630 a multiple of 102?
True
Is 126 a factor of 35142?
False
Is 59303 a multiple of 52?
False
Does 30 divide 530?
False
Is 40980 a multiple of 10?
True
Is 540 a multiple of 27?
True
Is 41 a factor of 3547?
False
Does 2 divide 242?
True
Is 482 a multiple of 9?
False
Does 11 divide 180?
False
Is 98 a factor of 1026?
False
Is 5 a factor of 537?
False
Is 10653 a multiple of 67?
True
Does 6 divide 54?
True
Is 12 a factor of 35992?
False
Is 1346 a multiple of 31?
False
Is 5164 a multiple of 7?
False
Is 56 a factor of 72968?
True
Does 36 divide 51008?
False
Is 420 a multiple of 15?
True
Is 23 a factor of 14493?
False
Is 438 a multiple of 23?
False
Does 12 divide 3600?
True
Is 4 a factor of 2288?
True
Is 53482 a multiple of 10?
False
Is 8002 a multiple of 52?
False
Is 32 a factor of 1490?
False
Is 49 a factor of 3357?
False
Is 4620 a multiple of 14?
True
Does 22 divide 1188?
True
Is 40 a factor of 2920?
True
Is 5 a factor of 140?
True
Is 2640 a multiple of 24?
True
Is 12 a factor of 72?
True
Is 7462 a multiple of 7?
True
Does 65 divide 910?
True
Does 3 divide 55?
False
Does 67 divide 24601?
False
Is 35 a factor of 105826?
False
Does 2 divide 342?
True
Does 66 divide 40753?
False
Is 19 a factor of 1191?
False
Is 434 a multiple of 62?
True
Does 4 divide 643?
False
Is 20 a factor of 41360?
True
Does 118 divide 5123?
False
Is 23897 a multiple of 55?
False
Does 18 divide 630?
True
Is 4575 a multiple of 15?
True
Does 83 divide 145009?
False
Is 570 a multiple of 15?
True
Does 4 divide 15106?
False
Is 3530 a multiple of 10?
True
Is 32 a factor of 416?
True
Is 50 a factor of 121859?
False
Is 19248 a multiple of 213?
False
Does 24 divide 1425?
False
Is 62 a factor of 44740?
False
Does 39 divide 2576?
False
Does 2 divide 2887?
False
Is 5936 a multiple of 16?
True
Does 16 divide 712?
False
Is 34 a factor of 59272?
False
Is 96 a factor of 24384?
True
Does 71 divide 11147?
True
Is 13 a factor of 65?
True
Is 28 a factor of 1372?
True
Does 5 divide 937?
False
Is 1239 a multiple of 21?
True
Is 24510 a multiple of 15?
True
Is 41375 a multiple of 331?
True
Is 6045 a multiple of 115?
False
Is 320 a multiple of 32?
True
Does 24 divide 9192?
True
Is 10 a factor of 26810?
True
Does 41 divide 943?
True
Is 196 a multiple of 49?
True
Is 68 a factor of 10554?
False
Is 5 a factor of 6935?
True
Is 3 a factor of 8761?
False
Does 29 divide 899?
True
Is 12 a factor of 852?
True
Is 7440 a multiple of 11?
False
Is 407 a multiple of 13?
False
Is 2049 a multiple of 66?
False
Does 43 divide 215?
True
Is 27 a factor of 8640?
True
Does 3 divide 88?
False
Is 16080 a multiple of 20?
True
Is 102 a factor of 8516?
False
Does 44 divide 1042?
False
Does 9 divide 189?
True
Is 11 a factor of 257?
False
Is 16 a factor of 120?
False
Is 39 a factor of 16792?
False
Is 370 a multiple of 37?
True
Is 45049 a multiple of 19?
True
Does 9 divide 214?
False
Is 1198 a multiple of 4?
False
Is 229 a factor of 4252?
False
Does 14 divide 378?
True
Does 28 divide 544?
False
Do